) be the first derivative of -q**3/3 + 5*q**2 + 3*q + 4. Suppose 0 = j + 4*j - 45. What are the prime factors of r(j)?
2, 3
What are the prime factors of (-6)/((-336)/7) + (-18014)/(-16)?
2, 563
List the prime factors of (62/3 - 2)/((-62)/(-9021)).
2, 7, 97
Let i = 7 - 2. Suppose 5 = -i*c + 15. Suppose s = 18 + c. What are the prime factors of s?
2, 5
Let w(v) = -2*v + 61. Suppose -10 - 32 = 2*u. What are the prime factors of w(u)?
103
List the prime factors of ((-6)/(-27))/((-80)/(-1814040)).
5039
Suppose 4*f - 6147 = -5*m, 4*m + 1198 = 2*f + 6100. What are the prime factors of m?
3, 409
Let h be (-7)/(-28) - (-11)/4. What are the prime factors of h/4 - (-49)/4?
13
Let y = 3263 + -1955. List the prime factors of y.
2, 3, 109
Let g = 49 - -71. List the prime factors of (g/(-25))/(-3)*30.
2, 3
Let m(l) = l**3 - 19*l**2 - 13*l + 30. What are the prime factors of m(20)?
2, 5, 17
Suppose -3 = -3*y + 2*y. Let q(r) = 15*r - 10*r - y*r - r + 16. List the prime factors of q(11).
3
Let f(j) = j**3 + 6*j**2 + 4*j - 1. Let k be f(-3). Suppose -3*n - g + k = 0, -4*n - g = n - 24. Suppose -n*y = -34 - 31. What are the prime factors of y?
13
Suppose -4*g = -7*g - 459. Let c be 36/(-27)*g/(-2). List the prime factors of ((-2)/4)/(1/c).
3, 17
List the prime factors of ((-196)/(-10))/(17/1275) + 3.
3, 491
Suppose 2*w - 83 = 3*n, -2*w + 88 = 3*n + 23. Let a = w + -37. Suppose l = -a*l + 3. What are the prime factors of l?
3
Let b(f) = -f**3 - 2*f**2 + 2*f - 1. Let v be b(1). What are the prime factors of -2*2/(-4)*v - -129?
127
Let m be 1/(-3) - (-228)/(-18). Let q = m + 29. Suppose -4*t - q + 180 = 0. List the prime factors of t.
41
Let r = 296 - 291. Let u be (2/(-3))/(4/6). What are the prime factors of (70/r)/(3 + u)?
7
Let b(a) = -a**3 + 6*a**2 + a - 2. Let l be b(6). Let x be -7*(-60)/(2 + 2). Suppose -l*f + x = -71. List the prime factors of f.
2, 11
Let d(b) = b**3 - 11*b**2 - b + 13. Let x be d(11). Suppose -x*w + 9 = 3. Suppose 0 = -w*c + 7*c - 96. What are the prime factors of c?
2, 3
Suppose -3*c + 4*z + 8 = 5*z, -c + z = 4. Let d be 1/(-3 + 4/c). Suppose 3*i - 25 = -d. What are the prime factors of i?
2
Let v = 281 - 275. List the prime factors of v.
2, 3
Suppose -2*x + 12 = 5*q, 34 = 3*q - 4*x + 6. Suppose 5*n - q*v - 286 - 297 = 0, 2*n - 232 = v. What are the prime factors of n?
5, 23
Suppose -3*y - g - g + 18 = 0, y = -g + 5. Suppose y*x = 3*x. Let i(v) = -v**3 + v**2 + 73. What are the prime factors of i(x)?
73
Suppose 2*d - 4*u + 214 = 0, 547 = -5*d - u - u. List the prime factors of d/(-2) - (-12)/8.
2, 7
Suppose -60*i + 59*i = -7. Suppose -k = -i*k + 384. What are the prime factors of k?
2
Let p = -247 + 146. Let o be (6/3 - p) + -3. Suppose o = -0*q + 4*q. What are the prime factors of q?
5
Suppose -4 = -4*r, -t + 5 = 3*t + r. Suppose g - 3*l + t - 2 = 0, -84 = -4*g - 4*l. What are the prime factors of g?
2
Let i be ((-20)/(-35))/(2/14). Suppose 5*q - i*q = 51. What are the prime factors of q?
3, 17
Suppose -547 = -6*p + 353. What are the prime factors of p?
2, 3, 5
Suppose -d = 2 - 9. Suppose d*y = 4*y. Suppose y = v - 5 - 4. List the prime factors of v.
3
Let t(l) = -19*l**3 + 3*l**2 + 11*l - 3. Let z be t(-5). Suppose 12*m + m = z. What are the prime factors of m?
2, 23
Let m = 22 + -2. Suppose 5*g + m = 0, -j - 37 + 6 = 2*g. Let l = -3 - j. List the prime factors of l.
2, 5
Suppose 6*j - 8 = 4. Let m(b) = -5*b**j + b**3 + 9 + 2 + b**2 - 2*b - 2*b. What are the prime factors of m(6)?
59
Suppose -6*s = -3*s. Suppose s*n + 310 = 5*n. What are the prime factors of n?
2, 31
Let s(c) = c**3 + 19*c**2 - c - 19. Let t be s(-19). Let p(x) = -x**3 + 23 - 5*x**2 + 5*x**2. List the prime factors of p(t).
23
Let t(q) = 16*q**2 + 42*q + 111. What are the prime factors of t(-16)?
5, 7, 101
Let g(x) = x**3 + 7*x**2 + 3*x - 5. Suppose 4 = 4*b - 4. Let k be -7 + (2 - 2/b). What are the prime factors of g(k)?
13
Suppose 8*h = 40270 + 418. List the prime factors of h.
2, 2543
Let o = 1786 + -885. What are the prime factors of o?
17, 53
Let z = -71 - -63. Let s(t) = -3 + 4*t - 6*t + 6*t**2 + 2*t**2 + t**3. What are the prime factors of s(z)?
13
Suppose 5*c - 303 + 116 = -2*b, -5*c + 4*b = -181. List the prime factors of c.
37
Let r = 2421 + -1702. List the prime factors of r.
719
Suppose 3*a - 22 = -a - 2*b, -19 = 2*a - 5*b. Suppose 0 = r + a*k - 285, 4*r = 4*k - 301 + 1441. What are the prime factors of r?
3, 5, 19
Suppose 12 = -5*h - h. List the prime factors of 4 + (-4)/h*23.
2, 5
Let w(k) be the third derivative of -k**6/120 + 3*k**5/20 + k**4/12 - 8*k**3/3 + 11*k**2. List the prime factors of w(7).
2, 3
Let u = 6 + 1. Let w = u - 33. Let j = 41 + w. What are the prime factors of j?
3, 5
Suppose -2*j - 19 = -5*a + j, -4*a + 5*j + 23 = 0. Suppose a*y - 576 = -5*b + y, 0 = 2*b - 2*y - 228. What are the prime factors of b?
5, 23
Let k(i) = -7*i**2 + 6*i - 3. Let o be k(2). Let f = 24 - o. What are the prime factors of f?
43
Suppose 3*f = x + 1097, 4*f - 2*f - 708 = -4*x. Suppose 0 = -4*i + 52 - f. Let v = -44 - i. List the prime factors of v.
2, 17
Let n(d) = 24*d + 50. Let o(m) = -24*m - 51. Let j(a) = -6*n(a) - 5*o(a). What are the prime factors of j(-8)?
3, 7
Suppose 3*i = q + 314 + 239, -5*q = -25. List the prime factors of i.
2, 3, 31
Suppose 0*v + 4*v = 12. Suppose -3*h + 42 = v*d + 2*h, 4*h = 0. What are the prime factors of (-1)/2*(0 - d)?
7
Let v(o) = -31*o - 2. Let g be v(-3). Suppose j + 28 = g. What are the prime factors of j?
3, 7
Let a be (1 + (-5 - -1))*-1. Let n be (-1 - -1) + 0 + a. Suppose -30 = 2*g - n*g. What are the prime factors of g?
2, 3, 5
Suppose -3*b - b = -132. Let x = -16 + 67. Let w = x - b. What are the prime factors of w?
2, 3
Suppose 0 = -2*s - 4*p + 96, 5*s - s - 3*p = 170. Let t = 2 + s. List the prime factors of t.
2, 23
Suppose 4*q - 2*q - 30 = 2*l, 0 = -4*l. Suppose 3*d - q = -2*d. Suppose 24 = 3*c + d. What are the prime factors of c?
7
What are the prime factors of (-1)/(-15) - (-337594)/615?
3, 61
Suppose 415 = -3*w - 5*k, -w - k = 3*w + 576. Let j = w - -87. What are the prime factors of (9/6 + -2)*j?
29
Let v(h) = h - 1. Let k(n) = 5*n - 6. Let a(f) = -5*f + 5. Let o(d) = -4*a(d) - 3*k(d). Let c(j) = o(j) + 2*v(j). List the prime factors of c(3).
17
Let o(w) = 5*w**3 - 3*w + 3. Let x be o(1). Suppose 5*b + m = 244, 0*b = 3*b - x*m - 124. List the prime factors of b.
2, 3
Let r = -7567 + 10698. List the prime factors of r.
31, 101
Let l(j) = -2*j + 11*j + 9*j**2 + 27 - 8*j**2 - 12. List the prime factors of l(-10).
5
List the prime factors of (-6026)/(-10) - (-63)/(-105).
2, 7, 43
Suppose -60 = -2*y + 44. Suppose x - y = -x. List the prime factors of x.
2, 13
Suppose -5*y - 59 = -2*m, -3*y - y = -m + 22. Suppose 0 = s + 2*h - m, 0 = -2*h - 0 + 6. What are the prime factors of s?
2, 3
Let c(l) = l**3 + 7*l**2 - 3. Let o be c(-7). What are the prime factors of 198/30 + o/5 - 0?
2, 3
List the prime factors of ((-42)/(-8))/((-18)/(-6432)).
2, 7, 67
Suppose -224 = 5*t - 4*c, 5*c - 76 = t + t. Let y = 13 + t. What are the prime factors of y*(0 - 1/1)?
5, 7
Let d(k) = 2*k**3 + 16*k**2 - 9*k - 3. Let p be d(-8). Let c = 220 - p. List the prime factors of c.
151
Suppose 4*k + 11 + 17 = 0. Let y be (-1749)/(-77) + (-2)/k. Let i = y + -18. List the prime factors of i.
5
Let l be -30*(-4)/12*5. Let b = l + 29. What are the prime factors of b?
79
Let x = -3 - -3. Let c be -4 + 10 + (4 - 7). Suppose -5*v = 2*y - 57, x = -c*y + y + v + 39. List the prime factors of y.
3, 7
Let r(w) = -w**2 + 5*w - 2. Let h be r(2). Suppose 4*z - q = -0*q + 522, -h*q = -3*z + 398. What are the prime factors of z?
2, 5, 13
Let l = -99 - -96. List the prime factors of (l - (-197 - -2)) + -3 + 0.
3, 7
What are the prime factors of (-1)/(-1) - (-201)/1?
2, 101
Let u(w) = w**2 + 4*w - 1. Let a be u(-5). Suppose a*m - 2*h = h + 93, 4*h + 12 = 0. Let k = -8 + m. What are the prime factors of k?
13
Let m be (21*1)/(-7 - -8). Let f = 38 - m. What are the prime factors of f?
17
Suppose -5*i - 4 = -q + 12, 0 = 5*q + 3*i - 136. Let x = 59 + -21. Let c = x - q. What are the prime factors of c?
2, 3
Let i be (-3)/18 + (-57)/(-18). What are the prime factors of 155/3 + 4/i + 0?
53
What are the prime factors of 7/3 - (-321734)/147?
7, 313
Suppose 9149 = -130